{"id":73863,"date":"2015-05-16T17:29:28","date_gmt":"2015-05-16T10:29:28","guid":{"rendered":"https:\/\/structure.thememove.com\/?page_id=73863"},"modified":"2021-07-01T13:39:30","modified_gmt":"2021-07-01T13:39:30","slug":"architecture-land","status":"publish","type":"page","link":"http:\/\/www.arzmuhendislik.com.tr\/","title":{"rendered":"Anasayfa"},"content":{"rendered":"<p>[vc_row type=&#8221;full_width&#8221; full_width=&#8221;stretch_row&#8221;][vc_column][rev_slider_vc alias=&#8221;slider9&#8243;][\/vc_column][\/vc_row][vc_row el_class=&#8221;intro4 align-center&#8221; full_width=&#8221;stretch_row_content&#8221; css=&#8221;.vc_custom_1432632676284{background-color: #fdc502 !important;}&#8221;][vc_column width=&#8221;2\/3&#8243;][vc_custom_heading text=&#8221;30 y\u0131ll\u0131k &#8220;\u0130stanbul Do\u011falgaz Deneyimi&#8220;ni Anadolu&#8217;ya ta\u015f\u0131yoruz.&#8221; font_container=&#8221;tag:h3|font_size:22|text_align:left|color:%23ffffff&#8221;][\/vc_column][vc_column width=&#8221;1\/3&#8243;][vc_btn title=&#8221;PROJELER&#8221; style=&#8221;outline&#8221; shape=&#8221;square&#8221; color=&#8221;white&#8221; link=&#8221;url:http%3A%2F%2Fwww.arzmuhendislik.com.tr%2Findex.php%2Freferans_projeler%2F|target:_blank&#8221;][\/vc_column][\/vc_row][vc_row background_color=&#8221;#ffffff&#8221; css=&#8221;.vc_custom_1431939712305{padding-top: 70px !important;padding-bottom: 70px !important;}&#8221; el_class=&#8221;align-center&#8221;][vc_column][vc_custom_heading text=&#8221;Arz M\u00fchendislik&#8221; font_container=&#8221;tag:h2|text_align:center&#8221; el_class=&#8221;heading-title-2&#8243;][vc_row_inner el_class=&#8221;align-left introducing&#8221;][vc_column_inner width=&#8221;1\/3&#8243;][vc_custom_heading text=&#8221;Do\u011falgaz sekt\u00f6r\u00fcnde \u015fehir da\u011f\u0131t\u0131m ihalelerinin ba\u015flamas\u0131 ile sekt\u00f6rde ortaya \u00e7\u0131kan kaliteli hizmet ihtiyac\u0131n\u0131 kar\u015f\u0131lamak amac\u0131 ile 2003 y\u0131l\u0131nda kurulmu\u015ftur.&#8221; font_container=&#8221;tag:h2|font_size:18|text_align:left|color:%23111111|line_height:2&#8243;][vc_empty_space height=&#8221;12px&#8221;][vc_column_text]Uzun y\u0131llar proje geli\u015ftirme- uygulama konusunda \u00e7al\u0131\u015fm\u0131\u015f ve sekt\u00f6r\u00fcn ihtiya\u00e7lar\u0131 ile \u00f6nceliklerini iyi bilen uzman ve y\u00f6neticiler ile hizmet vermektedir.[\/vc_column_text][vc_empty_space height=&#8221;20px&#8221;][vc_btn title=&#8221;DEVAMINI OKU&#8221; style=&#8221;outline&#8221; shape=&#8221;square&#8221; link=&#8221;url:http%3A%2F%2Fwww.arzmuhendislik.com.tr%2Findex.php%2Fhakkimizda%2F&#8221;][\/vc_column_inner][vc_column_inner width=&#8221;1\/3&#8243;][vc_column_text]<img src=\"https:\/\/structure.thememove.com\/data\/images\/photo27.jpg\" alt=\"\" \/>[\/vc_column_text][\/vc_column_inner][vc_column_inner width=&#8221;1\/3&#8243;][vc_custom_heading text=&#8221;Neden do\u011fru tercih?&#8221; font_container=&#8221;tag:h2|font_size:18|text_align:left|color:%23111111|line_height:2&#8243;][vc_column_text]Do\u011falgaz sekt\u00f6r\u00fcndeki hizmetlerini devaml\u0131 ve kaliteli k\u0131labilmek amac\u0131yla AR-GE \u00e7al\u0131\u015fmalar\u0131n\u0131 temel \u00e7al\u0131\u015fma alanlar\u0131ndan biri olarak kabul etmektedir.<\/p>\n<ul>\n<li>Do\u011falgaz \u0130\u015fletme<\/li>\n<li>Fizibilite, Et\u00fcd ve Proje<\/li>\n<li>Yap\u0131m Kontrol ve M\u00fc\u015favirlik<\/li>\n<li>Altyap\u0131 \u0130n\u015faat\u0131<\/li>\n<\/ul>\n<p>[\/vc_column_text][\/vc_column_inner][\/vc_row_inner][\/vc_column][\/vc_row][vc_row background_image=&#8221;https:\/\/structure.thememove.com\/data\/images\/background04.jpg&#8221; css=&#8221;.vc_custom_1624796231179{padding-top: 100px !important;padding-bottom: 100px !important;}&#8221;][vc_column][vc_custom_heading text=&#8221;Kaliteli hizmette&#8221; font_container=&#8221;tag:h2|font_size:60|text_align:left|color:%23111111&#8243; el_class=&#8221;headline&#8221;][vc_custom_heading text=&#8221;S\u00fcreklilik&#8221; font_container=&#8221;tag:h2|font_size:60|text_align:left|color:%23ffffff&#8221;][\/vc_column][\/vc_row][vc_row background_image=&#8221;https:\/\/structure.thememove.com\/data\/images\/background02.jpg&#8221; el_class=&#8221;align-center services services-2&#8243; css=&#8221;.vc_custom_1433411127937{padding-top: 60px !important;padding-bottom: 60px !important;}&#8221;][vc_column][vc_custom_heading text=&#8221;Hizmetlerimiz&#8221; font_container=&#8221;tag:h2|text_align:center|color:%23111111&#8243; el_class=&#8221;heading-title-2&#8243;][vc_row_inner][vc_column_inner width=&#8221;1\/4&#8243;][vc_icon icon_fontawesome=&#8221;far fa-edit&#8221; color=&#8221;white&#8221; background_style=&#8221;boxed&#8221; background_color=&#8221;orange&#8221; size=&#8221;lg&#8221; align=&#8221;center&#8221;][vc_column_text]<\/p>\n<h3>Do\u011falgaz \u0130\u015fletme<\/h3>\n<p>Do\u011falgaz sekt\u00f6r\u00fcnde bir ilk, <strong>Bursagaz<\/strong> ile <strong>Arz M\u00fchendislik<\/strong> aras\u0131nda yap\u0131lan m\u00fc\u015favirlik s\u00f6zle\u015fmesi ile 2005\u20132006 y\u0131l\u0131nda ger\u00e7ekle\u015fti.[\/vc_column_text][vc_btn title=&#8221;DEVAMINI OKU&#8221; style=&#8221;outline&#8221; shape=&#8221;square&#8221; link=&#8221;url:http%3A%2F%2Fwww.arzmuhendislik.com.tr%2Findex.php%2Fhizmetlerimiz%2Fdogalgaz_isletme%2F|target:_blank&#8221;][\/vc_column_inner][vc_column_inner width=&#8221;1\/4&#8243;][vc_icon icon_fontawesome=&#8221;far fa-edit&#8221; color=&#8221;white&#8221; background_style=&#8221;boxed&#8221; background_color=&#8221;orange&#8221; size=&#8221;lg&#8221; align=&#8221;center&#8221;][vc_column_text]<\/p>\n<h3>Fizibilite, Et\u00fcd ve Proje<\/h3>\n<p>Arz ve talep kapasiteleri et\u00fcd\u00fc, \u015febeke ve g\u00fczergah kapasite et\u00fcd\u00fc, do\u011falgaz \u015fehir da\u011f\u0131t\u0131m fizibilite raporlar\u0131, halihaz\u0131r haritalar\u0131n \u00f6l\u00e7\u00fcmleri ve \u00e7izimleri.[\/vc_column_text][vc_btn title=&#8221;DEVAMINI OKU&#8221; style=&#8221;outline&#8221; shape=&#8221;square&#8221; link=&#8221;url:http%3A%2F%2Fwww.arzmuhendislik.com.tr%2Findex.php%2Fhizmetlerimiz%2Ffizibilite_etud_proje%2F|target:_blank&#8221;][\/vc_column_inner][vc_column_inner width=&#8221;1\/4&#8243;][vc_icon icon_fontawesome=&#8221;far fa-edit&#8221; color=&#8221;white&#8221; background_style=&#8221;boxed&#8221; background_color=&#8221;orange&#8221; size=&#8221;lg&#8221; align=&#8221;center&#8221;][vc_column_text]<\/p>\n<h3>Yap\u0131m Kontrol ve M\u00fc\u015favirlik<\/h3>\n<p>Da\u011f\u0131t\u0131m hatlar\u0131n\u0131n proje m\u00fc\u015favirli\u011fi, \u015febeke yap\u0131m m\u00fc\u015favirli\u011fi, da\u011f\u0131t\u0131m hatlar\u0131n\u0131n i\u015fletimi, bak\u0131m onar\u0131m ve acil m\u00fcdahele i\u015flemleri, kontrol m\u00fc\u015favirli\u011fi.[\/vc_column_text][vc_btn title=&#8221;DEVAMINI OKU&#8221; style=&#8221;outline&#8221; shape=&#8221;square&#8221; link=&#8221;url:http%3A%2F%2Fwww.arzmuhendislik.com.tr%2Findex.php%2Fhizmetlerimiz%2Fyapim_kontrol_musavirlik%2F|target:_blank&#8221;][\/vc_column_inner][vc_column_inner width=&#8221;1\/4&#8243;][vc_icon icon_fontawesome=&#8221;far fa-edit&#8221; color=&#8221;white&#8221; background_style=&#8221;boxed&#8221; background_color=&#8221;orange&#8221; size=&#8221;lg&#8221; align=&#8221;center&#8221;][vc_column_text]<\/p>\n<h3>Altyap\u0131 \u0130n\u015faat\u0131<\/h3>\n<p>Do\u011falgaz da\u011f\u0131t\u0131m hatt\u0131 ve servis hatt\u0131 imalat\u0131, da\u011f\u0131t\u0131m hatlar\u0131n\u0131n testi ve devreye al\u0131nmas\u0131, konut ve sanayi d\u00f6n\u00fc\u015f\u00fcm proje ve uygulamalar\u0131.[\/vc_column_text][vc_btn title=&#8221;DEVAMINI OKU&#8221; style=&#8221;outline&#8221; shape=&#8221;square&#8221; link=&#8221;url:http%3A%2F%2Fwww.arzmuhendislik.com.tr%2Findex.php%2Fhizmetlerimiz%2Farchitecture%2F|target:_blank&#8221;][\/vc_column_inner][\/vc_row_inner][\/vc_column][\/vc_row][vc_row background_color=&#8221;#ffffff&#8221; el_class=&#8221;clients&#8221;][vc_column][vc_custom_heading text=&#8221;Partnerlerimiz&#8221; font_container=&#8221;tag:h3|font_size:20|text_align:left|color:%23111111&#8243; el_class=&#8221;heading-title&#8221;][\/vc_column][\/vc_row][vc_row rtl_reverse=&#8221;yes&#8221; css=&#8221;.vc_custom_1624823225320{margin-bottom: 50px !important;}&#8221;][vc_column width=&#8221;1\/4&#8243;][vc_single_image image=&#8221;75743&#8243; img_size=&#8221;250&#215;100&#8243; alignment=&#8221;center&#8221; css=&#8221;.vc_custom_1624824459572{border-radius: 1px !important;}&#8221;][\/vc_column][vc_column width=&#8221;1\/4&#8243;][vc_single_image image=&#8221;75744&#8243; img_size=&#8221;250&#215;100&#8243; alignment=&#8221;center&#8221;][\/vc_column][vc_column width=&#8221;1\/4&#8243;][vc_single_image image=&#8221;75745&#8243; img_size=&#8221;250&#215;100&#8243; alignment=&#8221;center&#8221;][\/vc_column][vc_column width=&#8221;1\/4&#8243;][vc_single_image image=&#8221;75746&#8243; img_size=&#8221;250&#215;100&#8243; alignment=&#8221;center&#8221;][\/vc_column][\/vc_row][vc_row rtl_reverse=&#8221;yes&#8221; css=&#8221;.vc_custom_1624823225320{margin-bottom: 50px !important;}&#8221;][vc_column width=&#8221;1\/4&#8243;][vc_single_image image=&#8221;75747&#8243; img_size=&#8221;250&#215;100&#8243; alignment=&#8221;center&#8221; css=&#8221;.vc_custom_1624824541575{border-radius: 1px !important;}&#8221;][\/vc_column][vc_column width=&#8221;1\/4&#8243;][vc_single_image image=&#8221;75748&#8243; img_size=&#8221;250&#215;100&#8243; alignment=&#8221;center&#8221;][\/vc_column][vc_column width=&#8221;1\/4&#8243;][vc_single_image image=&#8221;75749&#8243; img_size=&#8221;250&#215;100&#8243; alignment=&#8221;center&#8221;][\/vc_column][vc_column width=&#8221;1\/4&#8243;][vc_single_image image=&#8221;75750&#8243; img_size=&#8221;250&#215;100&#8243; alignment=&#8221;center&#8221;][\/vc_column][\/vc_row][vc_row rtl_reverse=&#8221;yes&#8221; css=&#8221;.vc_custom_1624823225320{margin-bottom: 50px !important;}&#8221;][vc_column width=&#8221;1\/4&#8243;][vc_single_image image=&#8221;75751&#8243; img_size=&#8221;250&#215;100&#8243; alignment=&#8221;center&#8221; css=&#8221;.vc_custom_1624824595622{border-radius: 1px !important;}&#8221;][\/vc_column][vc_column width=&#8221;1\/4&#8243;][vc_single_image image=&#8221;75752&#8243; img_size=&#8221;250&#215;100&#8243; alignment=&#8221;center&#8221;][\/vc_column][vc_column width=&#8221;1\/4&#8243;][vc_single_image image=&#8221;75753&#8243; img_size=&#8221;250&#215;100&#8243; alignment=&#8221;center&#8221;][\/vc_column][vc_column width=&#8221;1\/4&#8243;][vc_single_image image=&#8221;75754&#8243; img_size=&#8221;250&#215;100&#8243; alignment=&#8221;center&#8221;][\/vc_column][\/vc_row][vc_row rtl_reverse=&#8221;yes&#8221; css=&#8221;.vc_custom_1624823225320{margin-bottom: 50px !important;}&#8221;][vc_column width=&#8221;1\/4&#8243;][vc_single_image image=&#8221;75755&#8243; img_size=&#8221;250&#215;100&#8243; alignment=&#8221;center&#8221; css=&#8221;.vc_custom_1624824639310{border-radius: 1px !important;}&#8221;][\/vc_column][vc_column width=&#8221;1\/4&#8243;][vc_single_image image=&#8221;75756&#8243; img_size=&#8221;250&#215;100&#8243; alignment=&#8221;center&#8221;][\/vc_column][vc_column width=&#8221;1\/4&#8243;][vc_single_image image=&#8221;75800&#8243; img_size=&#8221;250&#215;100&#8243; alignment=&#8221;center&#8221;][\/vc_column][vc_column width=&#8221;1\/4&#8243;][vc_single_image image=&#8221;75801&#8243; img_size=&#8221;250&#215;100&#8243; alignment=&#8221;center&#8221;][\/vc_column][\/vc_row][vc_row rtl_reverse=&#8221;yes&#8221; css=&#8221;.vc_custom_1624823225320{margin-bottom: 50px !important;}&#8221;][vc_column width=&#8221;1\/4&#8243;][vc_single_image image=&#8221;75802&#8243; img_size=&#8221;250&#215;100&#8243; alignment=&#8221;center&#8221; css=&#8221;.vc_custom_1625146760487{border-radius: 1px !important;}&#8221;][\/vc_column][\/vc_row]<\/p>\n","protected":false},"excerpt":{"rendered":"<p>[vc_row type=&#8221;full_width&#8221; full_width=&#8221;stretch_row&#8221;][vc_column][rev_slider_vc alias=&#8221;slider9&#8243;][\/vc_column][\/vc_row][vc_row el_class=&#8221;intro4 align-center&#8221; full_width=&#8221;stretch_row_content&#8221; css=&#8221;.vc_custom_1432632676284{background-color: #fdc502 !important;}&#8221;][vc_column width=&#8221;2\/3&#8243;][vc_custom_heading text=&#8221;30 y\u0131ll\u0131k &#8220;\u0130stanbul Do\u011falgaz Deneyimi&#8220;ni Anadolu&#8217;ya ta\u015f\u0131yoruz.&#8221; font_container=&#8221;tag:h3|font_size:22|text_align:left|color:%23ffffff&#8221;][\/vc_column][vc_column width=&#8221;1\/3&#8243;][vc_btn title=&#8221;PROJELER&#8221; style=&#8221;outline&#8221; shape=&#8221;square&#8221; color=&#8221;white&#8221; link=&#8221;url:http%3A%2F%2Fwww.arzmuhendislik.com.tr%2Findex.php%2Freferans_projeler%2F|target:_blank&#8221;][\/vc_column][\/vc_row][vc_row background_color=&#8221;#ffffff&#8221; css=&#8221;.vc_custom_1431939712305{padding-top: 70px !important;padding-bottom: 70px !important;}&#8221; el_class=&#8221;align-center&#8221;][vc_column][vc_custom_heading text=&#8221;Arz M\u00fchendislik&#8221; font_container=&#8221;tag:h2|text_align:center&#8221; el_class=&#8221;heading-title-2&#8243;][vc_row_inner el_class=&#8221;align-left introducing&#8221;][vc_column_inner width=&#8221;1\/3&#8243;][vc_custom_heading text=&#8221;Do\u011falgaz sekt\u00f6r\u00fcnde \u015fehir da\u011f\u0131t\u0131m ihalelerinin ba\u015flamas\u0131 ile sekt\u00f6rde ortaya \u00e7\u0131kan kaliteli hizmet ihtiyac\u0131n\u0131 kar\u015f\u0131lamak amac\u0131 ile [&hellip;]<\/p>\n","protected":false},"author":1,"featured_media":0,"parent":0,"menu_order":0,"comment_status":"closed","ping_status":"closed","template":"","meta":[],"yoast_head":"<!-- This site is optimized with the Yoast SEO plugin v16.5 - https:\/\/yoast.com\/wordpress\/plugins\/seo\/ -->\n<title>Anasayfa - Arz M&uuml;hendislik<\/title>\n<meta name=\"robots\" content=\"index, follow, max-snippet:-1, max-image-preview:large, max-video-preview:-1\" \/>\n<link rel=\"canonical\" href=\"http:\/\/www.arzmuhendislik.com.tr\/\" \/>\n<meta property=\"og:locale\" content=\"tr_TR\" \/>\n<meta property=\"og:type\" content=\"article\" \/>\n<meta property=\"og:title\" content=\"Anasayfa - Arz M&uuml;hendislik\" \/>\n<meta property=\"og:description\" content=\"[vc_row type=&#8221;full_width&#8221; full_width=&#8221;stretch_row&#8221;][vc_column][rev_slider_vc alias=&#8221;slider9&#8243;][\/vc_column][\/vc_row][vc_row el_class=&#8221;intro4 align-center&#8221; full_width=&#8221;stretch_row_content&#8221; css=&#8221;.vc_custom_1432632676284{background-color: #fdc502 !important;}&#8221;][vc_column width=&#8221;2\/3&#8243;][vc_custom_heading text=&#8221;30 y\u0131ll\u0131k &#8220;\u0130stanbul Do\u011falgaz Deneyimi&#8220;ni Anadolu&#8217;ya ta\u015f\u0131yoruz.&#8221; font_container=&#8221;tag:h3|font_size:22|text_align:left|color:%23ffffff&#8221;][\/vc_column][vc_column width=&#8221;1\/3&#8243;][vc_btn title=&#8221;PROJELER&#8221; style=&#8221;outline&#8221; shape=&#8221;square&#8221; color=&#8221;white&#8221; link=&#8221;url:http%3A%2F%2Fwww.arzmuhendislik.com.tr%2Findex.php%2Freferans_projeler%2F|target:_blank&#8221;][\/vc_column][\/vc_row][vc_row background_color=&#8221;#ffffff&#8221; css=&#8221;.vc_custom_1431939712305{padding-top: 70px !important;padding-bottom: 70px !important;}&#8221; el_class=&#8221;align-center&#8221;][vc_column][vc_custom_heading text=&#8221;Arz M\u00fchendislik&#8221; font_container=&#8221;tag:h2|text_align:center&#8221; el_class=&#8221;heading-title-2&#8243;][vc_row_inner el_class=&#8221;align-left introducing&#8221;][vc_column_inner width=&#8221;1\/3&#8243;][vc_custom_heading text=&#8221;Do\u011falgaz sekt\u00f6r\u00fcnde \u015fehir da\u011f\u0131t\u0131m ihalelerinin ba\u015flamas\u0131 ile sekt\u00f6rde ortaya \u00e7\u0131kan kaliteli hizmet ihtiyac\u0131n\u0131 kar\u015f\u0131lamak amac\u0131 ile [&hellip;]\" \/>\n<meta property=\"og:url\" content=\"http:\/\/www.arzmuhendislik.com.tr\/\" \/>\n<meta property=\"og:site_name\" content=\"Arz M&uuml;hendislik\" \/>\n<meta property=\"article:modified_time\" content=\"2021-07-01T13:39:30+00:00\" \/>\n<meta property=\"og:image\" content=\"https:\/\/structure.thememove.com\/data\/images\/photo27.jpg\" \/>\n<meta name=\"twitter:card\" content=\"summary_large_image\" \/>\n<meta name=\"twitter:label1\" content=\"Tahmini okuma s\u00fcresi\" \/>\n\t<meta name=\"twitter:data1\" content=\"2 dakika\" \/>\n<script type=\"application\/ld+json\" class=\"yoast-schema-graph\">{\"@context\":\"https:\/\/schema.org\",\"@graph\":[{\"@type\":\"WebSite\",\"@id\":\"http:\/\/www.arzmuhendislik.com.tr\/#website\",\"url\":\"http:\/\/www.arzmuhendislik.com.tr\/\",\"name\":\"Arz M&uuml;hendislik\",\"description\":\"Do\\u011fru Tercih\",\"potentialAction\":[{\"@type\":\"SearchAction\",\"target\":\"http:\/\/www.arzmuhendislik.com.tr\/?s={search_term_string}\",\"query-input\":\"required name=search_term_string\"}],\"inLanguage\":\"tr\"},{\"@type\":\"ImageObject\",\"@id\":\"http:\/\/www.arzmuhendislik.com.tr\/#primaryimage\",\"inLanguage\":\"tr\",\"url\":\"https:\/\/structure.thememove.com\/data\/images\/photo27.jpg\",\"contentUrl\":\"https:\/\/structure.thememove.com\/data\/images\/photo27.jpg\"},{\"@type\":\"WebPage\",\"@id\":\"http:\/\/www.arzmuhendislik.com.tr\/#webpage\",\"url\":\"http:\/\/www.arzmuhendislik.com.tr\/\",\"name\":\"Anasayfa - Arz M&uuml;hendislik\",\"isPartOf\":{\"@id\":\"http:\/\/www.arzmuhendislik.com.tr\/#website\"},\"primaryImageOfPage\":{\"@id\":\"http:\/\/www.arzmuhendislik.com.tr\/#primaryimage\"},\"datePublished\":\"2015-05-16T10:29:28+00:00\",\"dateModified\":\"2021-07-01T13:39:30+00:00\",\"breadcrumb\":{\"@id\":\"http:\/\/www.arzmuhendislik.com.tr\/#breadcrumb\"},\"inLanguage\":\"tr\",\"potentialAction\":[{\"@type\":\"ReadAction\",\"target\":[\"http:\/\/www.arzmuhendislik.com.tr\/\"]}]},{\"@type\":\"BreadcrumbList\",\"@id\":\"http:\/\/www.arzmuhendislik.com.tr\/#breadcrumb\",\"itemListElement\":[{\"@type\":\"ListItem\",\"position\":1,\"name\":\"Anasayfa\",\"item\":\"http:\/\/www.arzmuhendislik.com.tr\/\"},{\"@type\":\"ListItem\",\"position\":2,\"name\":\"Anasayfa\"}]}]}<\/script>\n<!-- \/ Yoast SEO plugin. -->","_links":{"self":[{"href":"http:\/\/www.arzmuhendislik.com.tr\/index.php\/wp-json\/wp\/v2\/pages\/73863"}],"collection":[{"href":"http:\/\/www.arzmuhendislik.com.tr\/index.php\/wp-json\/wp\/v2\/pages"}],"about":[{"href":"http:\/\/www.arzmuhendislik.com.tr\/index.php\/wp-json\/wp\/v2\/types\/page"}],"author":[{"embeddable":true,"href":"http:\/\/www.arzmuhendislik.com.tr\/index.php\/wp-json\/wp\/v2\/users\/1"}],"replies":[{"embeddable":true,"href":"http:\/\/www.arzmuhendislik.com.tr\/index.php\/wp-json\/wp\/v2\/comments?post=73863"}],"version-history":[{"count":77,"href":"http:\/\/www.arzmuhendislik.com.tr\/index.php\/wp-json\/wp\/v2\/pages\/73863\/revisions"}],"predecessor-version":[{"id":75803,"href":"http:\/\/www.arzmuhendislik.com.tr\/index.php\/wp-json\/wp\/v2\/pages\/73863\/revisions\/75803"}],"wp:attachment":[{"href":"http:\/\/www.arzmuhendislik.com.tr\/index.php\/wp-json\/wp\/v2\/media?parent=73863"}],"curies":[{"name":"wp","href":"https:\/\/api.w.org\/{rel}","templated":true}]}}