{"id":75615,"date":"2021-06-27T14:57:45","date_gmt":"2021-06-27T14:57:45","guid":{"rendered":"http:\/\/www.arzmuhendislik.com.tr\/?page_id=75615"},"modified":"2021-06-27T20:13:19","modified_gmt":"2021-06-27T20:13:19","slug":"faaliyet-alanlarimiz","status":"publish","type":"page","link":"http:\/\/www.arzmuhendislik.com.tr\/index.php\/hakkimizda\/faaliyet-alanlarimiz\/","title":{"rendered":"Faaliyet Alanlar\u0131m\u0131z"},"content":{"rendered":"<p>[vc_row css=&#8221;.vc_custom_1433565737539{margin-top: 20px !important;margin-bottom: 30px !important;}&#8221;][vc_column][vc_single_image image=&#8221;75660&#8243; img_size=&#8221;full&#8221; alignment=&#8221;center&#8221;][\/vc_column][\/vc_row][vc_row css=&#8221;.vc_custom_1433564201242{margin-top: 20px !important;margin-bottom: 70px !important;}&#8221;][vc_column width=&#8221;1\/3&#8243;][vc_column_text][vc_widget_sidebar sidebar_id=&#8221;sidebar&#8221;][\/vc_column_text][\/vc_column][vc_column width=&#8221;2\/3&#8243;][vc_custom_heading text=&#8221;Et\u00fct ve Proje&#8221; font_container=&#8221;tag:h2|font_size:20|text_align:left|color:%23111111&#8243; el_class=&#8221;heading-title-3&#8243;][vc_column_text]<\/p>\n<ul>\n<li>Do\u011falgaz \u015fehir da\u011f\u0131t\u0131m fizibilite raporlar\u0131,<\/li>\n<li>Do\u011falgaz \u015fehir da\u011f\u0131t\u0131m avan projelerin olu\u015fturulmas\u0131. Lisans dosyalar\u0131n\u0131n haz\u0131rlanmas\u0131,<\/li>\n<li>Do\u011falgaz \u015febekesinde kullan\u0131lacak malzeme tespiti, malzeme dengesi ve malzeme dan\u0131\u015fmanl\u0131k hizmetleri,<\/li>\n<li>Do\u011falgaz \u015fehir da\u011f\u0131t\u0131m tatbikat projeleri,<\/li>\n<li>Do\u011falgaz \u015febekesi asbuilt planlar\u0131n yap\u0131lmas\u0131.<\/li>\n<\/ul>\n<p>[\/vc_column_text][vc_custom_heading text=&#8221;M\u00fc\u015favirlik&#8221; font_container=&#8221;tag:h2|font_size:20|text_align:left|color:%23111111&#8243; el_class=&#8221;heading-title-3&#8243; css=&#8221;.vc_custom_1624805722136{margin-top: 30px !important;}&#8221;][vc_column_text]<\/p>\n<ul>\n<li>Do\u011falgaz da\u011f\u0131t\u0131m hatlar\u0131n\u0131n proje m\u00fc\u015favirli\u011fi,<\/li>\n<li>Do\u011falgaz \u015febekesi yap\u0131m m\u00fc\u015favirli\u011fi,<\/li>\n<li>Do\u011falgaz da\u011f\u0131t\u0131m hatlar\u0131n\u0131n i\u015fletimi, bak\u0131m onar\u0131m ve acil m\u00fcdahele i\u015flemleri,<\/li>\n<li>\u0130\u00e7 tesisat kontrol m\u00fc\u015favirli\u011fi,<\/li>\n<\/ul>\n<p>[\/vc_column_text][vc_custom_heading text=&#8221;Do\u011falgaz Proje faaliyetleri&#8221; font_container=&#8221;tag:h2|font_size:20|text_align:left|color:%23111111&#8243; el_class=&#8221;heading-title-3&#8243; css=&#8221;.vc_custom_1624805751059{margin-top: 30px !important;}&#8221;][vc_column_text]ARZ M\u00fchendislik proje birimi; \u00e7elik hatlar, PE ana hatlar, PE servis hatlar\u0131, Rms-A ve Rms B \u0130stasyon projelendirmelerini, do\u011fal gaz konusunda e\u011fitimli ve deneyimli teknisyen ve m\u00fchendislerden kurulu uzman ekiple y\u00fcr\u00fctmektedir.[\/vc_column_text][vc_custom_heading text=&#8221;Yap\u0131m Kontrol Faaliyetleri&#8221; font_container=&#8221;tag:h2|font_size:20|text_align:left|color:%23111111&#8243; el_class=&#8221;heading-title-3&#8243; css=&#8221;.vc_custom_1624805786013{margin-top: 30px !important;}&#8221;][vc_column_text]ARZ M\u00fchendislik yap\u0131m-kontrol birimi; \u00e7elik hatlar, PE ana hatlar, PE servis hatlar\u0131, hakedi\u015f kontrol ve malzeme kontrol faaliyetlerini, do\u011fal gaz konusunda e\u011fitimli ve deneyimli teknisyen ve m\u00fchendislerden kurulu uzman ekiplerle y\u00fcr\u00fctmektedir.<\/p>\n<ul>\n<li>Altyap\u0131da kullan\u0131lacak malzemelerin kalite-kontrol\u00fc,<\/li>\n<li>Uygulama yap\u0131lacak sahada imalat\u0131n projeye, \u015fartname ve standartlara uygunlu\u011funun kontrol ve denetimi,<\/li>\n<\/ul>\n<ol>\n<li style=\"list-style-type: none;\"><\/li>\n<\/ol>\n<ul>\n<li style=\"list-style-type: none;\">\n<ul>\n<li>Ana ve kesin hakedi\u015f kontrol\u00fc,<\/li>\n<li>Ge\u00e7ici ve kesin kabul i\u015flemlerinin yap\u0131lmas\u0131.<\/li>\n<\/ul>\n<\/li>\n<\/ul>\n<p>[\/vc_column_text][vc_custom_heading text=&#8221;Kalite kontrol Faaliyetleri&#8221; font_container=&#8221;tag:h2|font_size:20|text_align:left|color:%23111111&#8243; el_class=&#8221;heading-title-3&#8243; css=&#8221;.vc_custom_1624805835559{margin-top: 30px !important;}&#8221;][vc_column_text]Yap\u0131m-Kontrol ve \u015eebeke faaliyetlerinde kullan\u0131lan t\u00fcm malzemelerin kabul edilmi\u015f standartlara uygunlu\u011fu hem sertifika hem de \u00fcr\u00fcn kontrolleri yap\u0131lmak suretiyle y\u00fcr\u00fct\u00fclm\u00fc\u015ft\u00fcr.<\/p>\n<ul>\n<li>Tedarik edilen b\u00fct\u00fcn malzemelerin sertifika kontrol\u00fcn\u00fcn yap\u0131lmas\u0131,<\/li>\n<li>Malzeme kontrol i\u015flemini y\u00fcr\u00fcrl\u00fckte olan \u015fartname ve standartlara g\u00f6re yaparak uygunlu\u011funun belirlenmesi,<\/li>\n<\/ul>\n<ol>\n<li style=\"list-style-type: none;\"><\/li>\n<\/ol>\n<p>[\/vc_column_text][\/vc_column][\/vc_row]<\/p>\n","protected":false},"excerpt":{"rendered":"<p>[vc_row css=&#8221;.vc_custom_1433565737539{margin-top: 20px !important;margin-bottom: 30px !important;}&#8221;][vc_column][vc_single_image image=&#8221;75660&#8243; img_size=&#8221;full&#8221; alignment=&#8221;center&#8221;][\/vc_column][\/vc_row][vc_row css=&#8221;.vc_custom_1433564201242{margin-top: 20px !important;margin-bottom: 70px !important;}&#8221;][vc_column width=&#8221;1\/3&#8243;][vc_column_text][vc_widget_sidebar sidebar_id=&#8221;sidebar&#8221;][\/vc_column_text][\/vc_column][vc_column width=&#8221;2\/3&#8243;][vc_custom_heading text=&#8221;Et\u00fct ve Proje&#8221; font_container=&#8221;tag:h2|font_size:20|text_align:left|color:%23111111&#8243; el_class=&#8221;heading-title-3&#8243;][vc_column_text] Do\u011falgaz \u015fehir da\u011f\u0131t\u0131m fizibilite raporlar\u0131, Do\u011falgaz \u015fehir da\u011f\u0131t\u0131m avan projelerin olu\u015fturulmas\u0131. Lisans dosyalar\u0131n\u0131n haz\u0131rlanmas\u0131, Do\u011falgaz \u015febekesinde kullan\u0131lacak malzeme tespiti, malzeme dengesi ve malzeme dan\u0131\u015fmanl\u0131k hizmetleri, Do\u011falgaz \u015fehir da\u011f\u0131t\u0131m tatbikat projeleri, Do\u011falgaz \u015febekesi asbuilt [&hellip;]<\/p>\n","protected":false},"author":1,"featured_media":0,"parent":61,"menu_order":0,"comment_status":"closed","ping_status":"closed","template":"","meta":[],"yoast_head":"<!-- This site is optimized with the Yoast SEO plugin v16.5 - https:\/\/yoast.com\/wordpress\/plugins\/seo\/ -->\n<title>Faaliyet Alanlar\u0131m\u0131z - Arz M&uuml;hendislik<\/title>\n<meta name=\"robots\" content=\"index, follow, max-snippet:-1, max-image-preview:large, max-video-preview:-1\" \/>\n<link rel=\"canonical\" href=\"https:\/\/www.arzmuhendislik.com.tr\/index.php\/hakkimizda\/faaliyet-alanlarimiz\/\" \/>\n<meta property=\"og:locale\" content=\"tr_TR\" \/>\n<meta property=\"og:type\" content=\"article\" \/>\n<meta property=\"og:title\" content=\"Faaliyet Alanlar\u0131m\u0131z - Arz M&uuml;hendislik\" \/>\n<meta property=\"og:description\" content=\"[vc_row css=&#8221;.vc_custom_1433565737539{margin-top: 20px !important;margin-bottom: 30px !important;}&#8221;][vc_column][vc_single_image image=&#8221;75660&#8243; img_size=&#8221;full&#8221; alignment=&#8221;center&#8221;][\/vc_column][\/vc_row][vc_row css=&#8221;.vc_custom_1433564201242{margin-top: 20px !important;margin-bottom: 70px !important;}&#8221;][vc_column width=&#8221;1\/3&#8243;][vc_column_text][vc_widget_sidebar sidebar_id=&#8221;sidebar&#8221;][\/vc_column_text][\/vc_column][vc_column width=&#8221;2\/3&#8243;][vc_custom_heading text=&#8221;Et\u00fct ve Proje&#8221; font_container=&#8221;tag:h2|font_size:20|text_align:left|color:%23111111&#8243; el_class=&#8221;heading-title-3&#8243;][vc_column_text] Do\u011falgaz \u015fehir da\u011f\u0131t\u0131m fizibilite raporlar\u0131, Do\u011falgaz \u015fehir da\u011f\u0131t\u0131m avan projelerin olu\u015fturulmas\u0131. Lisans dosyalar\u0131n\u0131n haz\u0131rlanmas\u0131, Do\u011falgaz \u015febekesinde kullan\u0131lacak malzeme tespiti, malzeme dengesi ve malzeme dan\u0131\u015fmanl\u0131k hizmetleri, Do\u011falgaz \u015fehir da\u011f\u0131t\u0131m tatbikat projeleri, Do\u011falgaz \u015febekesi asbuilt [&hellip;]\" \/>\n<meta property=\"og:url\" content=\"https:\/\/www.arzmuhendislik.com.tr\/index.php\/hakkimizda\/faaliyet-alanlarimiz\/\" \/>\n<meta property=\"og:site_name\" content=\"Arz M&uuml;hendislik\" \/>\n<meta property=\"article:modified_time\" content=\"2021-06-27T20:13:19+00:00\" \/>\n<meta name=\"twitter:card\" content=\"summary_large_image\" \/>\n<meta name=\"twitter:label1\" content=\"Tahmini okuma s\u00fcresi\" \/>\n\t<meta name=\"twitter:data1\" content=\"2 dakika\" \/>\n<script type=\"application\/ld+json\" class=\"yoast-schema-graph\">{\"@context\":\"https:\/\/schema.org\",\"@graph\":[{\"@type\":\"WebSite\",\"@id\":\"http:\/\/www.arzmuhendislik.com.tr\/#website\",\"url\":\"http:\/\/www.arzmuhendislik.com.tr\/\",\"name\":\"Arz M&uuml;hendislik\",\"description\":\"Do\\u011fru Tercih\",\"potentialAction\":[{\"@type\":\"SearchAction\",\"target\":\"http:\/\/www.arzmuhendislik.com.tr\/?s={search_term_string}\",\"query-input\":\"required name=search_term_string\"}],\"inLanguage\":\"tr\"},{\"@type\":\"WebPage\",\"@id\":\"https:\/\/www.arzmuhendislik.com.tr\/index.php\/hakkimizda\/faaliyet-alanlarimiz\/#webpage\",\"url\":\"https:\/\/www.arzmuhendislik.com.tr\/index.php\/hakkimizda\/faaliyet-alanlarimiz\/\",\"name\":\"Faaliyet Alanlar\\u0131m\\u0131z - Arz M&uuml;hendislik\",\"isPartOf\":{\"@id\":\"http:\/\/www.arzmuhendislik.com.tr\/#website\"},\"datePublished\":\"2021-06-27T14:57:45+00:00\",\"dateModified\":\"2021-06-27T20:13:19+00:00\",\"breadcrumb\":{\"@id\":\"https:\/\/www.arzmuhendislik.com.tr\/index.php\/hakkimizda\/faaliyet-alanlarimiz\/#breadcrumb\"},\"inLanguage\":\"tr\",\"potentialAction\":[{\"@type\":\"ReadAction\",\"target\":[\"https:\/\/www.arzmuhendislik.com.tr\/index.php\/hakkimizda\/faaliyet-alanlarimiz\/\"]}]},{\"@type\":\"BreadcrumbList\",\"@id\":\"https:\/\/www.arzmuhendislik.com.tr\/index.php\/hakkimizda\/faaliyet-alanlarimiz\/#breadcrumb\",\"itemListElement\":[{\"@type\":\"ListItem\",\"position\":1,\"name\":\"Anasayfa\",\"item\":\"http:\/\/www.arzmuhendislik.com.tr\/\"},{\"@type\":\"ListItem\",\"position\":2,\"name\":\"Hakk\\u0131m\\u0131zda\",\"item\":\"https:\/\/www.arzmuhendislik.com.tr\/index.php\/hakkimizda\/\"},{\"@type\":\"ListItem\",\"position\":3,\"name\":\"Faaliyet Alanlar\\u0131m\\u0131z\"}]}]}<\/script>\n<!-- \/ Yoast SEO plugin. -->","_links":{"self":[{"href":"http:\/\/www.arzmuhendislik.com.tr\/index.php\/wp-json\/wp\/v2\/pages\/75615"}],"collection":[{"href":"http:\/\/www.arzmuhendislik.com.tr\/index.php\/wp-json\/wp\/v2\/pages"}],"about":[{"href":"http:\/\/www.arzmuhendislik.com.tr\/index.php\/wp-json\/wp\/v2\/types\/page"}],"author":[{"embeddable":true,"href":"http:\/\/www.arzmuhendislik.com.tr\/index.php\/wp-json\/wp\/v2\/users\/1"}],"replies":[{"embeddable":true,"href":"http:\/\/www.arzmuhendislik.com.tr\/index.php\/wp-json\/wp\/v2\/comments?post=75615"}],"version-history":[{"count":6,"href":"http:\/\/www.arzmuhendislik.com.tr\/index.php\/wp-json\/wp\/v2\/pages\/75615\/revisions"}],"predecessor-version":[{"id":75759,"href":"http:\/\/www.arzmuhendislik.com.tr\/index.php\/wp-json\/wp\/v2\/pages\/75615\/revisions\/75759"}],"up":[{"embeddable":true,"href":"http:\/\/www.arzmuhendislik.com.tr\/index.php\/wp-json\/wp\/v2\/pages\/61"}],"wp:attachment":[{"href":"http:\/\/www.arzmuhendislik.com.tr\/index.php\/wp-json\/wp\/v2\/media?parent=75615"}],"curies":[{"name":"wp","href":"https:\/\/api.w.org\/{rel}","templated":true}]}}